ors of 7259819.
7, 43, 89, 271
List the prime factors of 3090547.
331, 9337
What are the prime factors of 115109?
59, 1951
List the prime factors of 473266.
2, 83, 2851
What are the prime factors of 19285299?
3, 11, 83, 2347
List the prime factors of 3815829.
3, 41, 383
List the prime factors of 295975.
5, 11839
What are the prime factors of 3169975?
5, 23, 37, 149
List the prime factors of 368193.
3, 7, 89, 197
List the prime factors of 129269.
7, 59, 313
What are the prime factors of 4967489?
43, 115523
List the prime factors of 11656.
2, 31, 47
What are the prime factors of 9216656?
2, 576041
List the prime factors of 2536096.
2, 41, 1933
List the prime factors of 66156.
2, 3, 37, 149
List the prime factors of 510903.
3, 56767
What are the prime factors of 1434872?
2, 67, 2677
List the prime factors of 4222214.
2, 2111107
What are the prime factors of 11101733?
11101733
What are the prime factors of 6080483?
769, 7907
What are the prime factors of 10493660?
2, 5, 524683
What are the prime factors of 1541829?
3, 513943
List the prime factors of 8783344.
2, 137, 4007
List the prime factors of 6229394.
2, 37, 84181
List the prime factors of 3687754.
2, 7, 263411
List the prime factors of 472330.
2, 5, 149, 317
What are the prime factors of 590978?
2, 47, 6287
List the prime factors of 13619062.
2, 6809531
List the prime factors of 215312.
2, 13457
What are the prime factors of 11756574?
2, 3, 653143
List the prime factors of 575917.
173, 3329
What are the prime factors of 1131168?
2, 3, 11783
What are the prime factors of 27548395?
5, 7, 449, 1753
List the prime factors of 3670411.
293, 12527
What are the prime factors of 12962937?
3, 13, 379, 877
What are the prime factors of 228673?
347, 659
What are the prime factors of 705307?
705307
What are the prime factors of 19536968?
2, 11, 222011
List the prime factors of 223829.
223829
What are the prime factors of 170183?
13, 19, 53
List the prime factors of 17147810.
2, 5, 863, 1987
List the prime factors of 711211.
281, 2531
List the prime factors of 1896652.
2, 474163
List the prime factors of 124949.
11, 37, 307
List the prime factors of 2035166.
2, 7, 19, 1093
List the prime factors of 483764.
2, 120941
List the prime factors of 26537056.
2, 7, 13, 701
List the prime factors of 397659.
3, 41, 53, 61
What are the prime factors of 4018176?
2, 3, 109
What are the prime factors of 1001059?
137, 7307
List the prime factors of 139919.
13, 47, 229
What are the prime factors of 1829652?
2, 3, 11, 83, 167
List the prime factors of 1589356.
2, 73, 5443
What are the prime factors of 211105?
5, 42221
What are the prime factors of 1567847?
1567847
List the prime factors of 3530995.
5, 13, 54323
List the prime factors of 2799258.
2, 3, 7, 11, 73, 83
List the prime factors of 227147.
227147
List the prime factors of 10650168.
2, 3, 147919
List the prime factors of 16332210.
2, 3, 5, 19, 9551
List the prime factors of 482444.
2, 29, 4159
What are the prime factors of 487389?
3, 7, 23209
What are the prime factors of 644668?
2, 161167
What are the prime factors of 1786471?
37, 53, 911
What are the prime factors of 32742?
2, 3, 17, 107
What are the prime factors of 100483?
100483
List the prime factors of 205206.
2, 3, 23, 1487
What are the prime factors of 6175203?
3, 2058401
What are the prime factors of 12311114?
2, 109, 56473
List the prime factors of 2509381.
7, 358483
List the prime factors of 1605393.
3, 37, 1607
What are the prime factors of 3106537?
7, 443791
List the prime factors of 12960193.
157, 82549
List the prime factors of 1551472.
2, 13, 7459
List the prime factors of 638471.
163, 3917
What are the prime factors of 3813123?
3, 29, 41, 1069
List the prime factors of 1122996.
2, 3, 7, 29, 461
What are the prime factors of 4135852?
2, 7, 147709
List the prime factors of 93144.
2, 3, 3881
What are the prime factors of 99274?
2, 7, 1013
What are the prime factors of 6555780?
2, 3, 5, 7, 11, 43
List the prime factors of 1261160.
2, 5, 41, 769
What are the prime factors of 930870?
2, 3, 5, 10343
List the prime factors of 9629808.
2, 3, 19, 10559
List the prime factors of 72801.
3, 8089
List the prime factors of 2488654.
2, 7, 177761
List the prime factors of 1516924.
2, 601, 631
What are the prime factors of 212870?
2, 5, 7, 3041
What are the prime factors of 7076827?
7076827
List the prime factors of 21568945.
5, 73, 59093
List the prime factors of 28180003.
3779, 7457
List the prime factors of 2574589.
2574589
What are the prime factors of 522512?
2, 17, 113
List the prime factors of 490337.
23, 21319
What are the prime factors of 3108990?
2, 3, 5, 31, 3343
List the prime factors of 2139991.
7, 311, 983
List the prime factors of 6681236.
2, 19, 87911
List the prime factors of 39610.
2, 5, 17, 233
What are the prime factors of 1390056?
2, 3, 17, 3407
What are the prime factors of 463195?
5, 92639
What are the prime factors of 608496?
2, 3, 7, 1811
List the prime factors of 1278310.
2, 5, 11, 11621
List the prime factors of 482819.
482819
What are the prime factors of 1492842?
2, 3, 13, 19139
List the prime factors of 1874997.
3, 208333
What are the prime factors of 1692713?
11, 37, 4159
List the prime factors of 922078.
2, 263, 1753
List the prime factors of 1761667.
43, 53, 773
What are the prime factors of 66437?
7, 9491
List the prime factors of 77624.
2, 31, 313
List the prime factors of 334757.
557, 601
What are the prime factors of 35794912?
2, 83, 13477
List the prime factors of 877476.
2, 3, 83, 881
List the prime factors of 16800683.
317, 52999
What are the prime factors of 18863595?
3, 5, 419191
List the prime factors of 120295.
5, 7, 491
List the prime factors of 5833686.
2, 3, 17, 57193
What are the prime factors of 8089662?
2, 3, 7, 192611
What are the prime factors of 26133494?
2, 971, 13457
What are the prime factors of 712536?
2, 3, 11, 2699
List the prime factors of 20404406.
2, 11, 71, 13063
List the prime factors of 2423071.
7, 59, 5867
List the prime factors of 866368.
2, 13537
What are the prime factors of 1400460?
2, 3, 5, 17, 1373
List the prime factors of 259306.
2, 317, 409
List the prime factors of 184582.
2, 41, 2251
What are the prime factors of 64462?
2, 167, 193
What are the prime factors of 76842?
2, 3, 1423
What are the prime factors of 4187283?
3, 1093, 1277
What are the prime factors of 81599?
7, 11657
List the prime factors of 2748575.
5, 109943
What are the prime factors of 6322407?
3, 7, 13, 23159
List the prime factors of 633126.
2, 3, 13, 8117
List the prime factors of 3626434.
2, 7, 431, 601
List the prime factors of 198606.
2, 3, 79, 419
List the prime factors of 12737722.
2, 23, 276907
What are the prime factors of 1908303?
3, 19, 33479
What are the prime factors of 2494203?
3, 29, 28669
List the prime factors of 2223966.
2, 3, 370661
List the prime factors of 18825906.
2, 3, 11, 25931
List the prime factors of 251762.
2, 7, 367
What are the prime factors of 160032?
2, 3, 1667
What are the prime factors of 208141?
208141
What are the prime factors of 1063533?
3, 241, 1471
List the prime factors of 306708.
2, 3, 61, 419
What are the prime factors of 50901?
3, 19, 47
List the prime factors of 580773.
3, 19, 23, 443
What are the prime factors of 8488535?
5, 11, 19, 8123
List the prime factors of 22216637.
17, 419, 3119
List the prime factors of 9063981.
3, 317, 353
List the prime factors of 856022.
2, 29, 14759
What are the prime factors of 7306958?
2, 601, 6079
What are the prime factors of 1288910?
2, 5, 7, 18413
List the prime factors of 482503.
7, 43, 229
What are the prime factors of 1573121?
11, 13001
What are the prime factors of 25932726?
2, 3, 1440707
What are the prime factors of 4324932?
2, 3, 19, 6323
What are the prime factors of 88055?
5, 11, 1601
List the prime factors of 1708500.
2, 3, 5, 17, 67
What are the prime factors of 167084?
2, 41771
What are the prime factors of 8662145?
5, 23, 75323
List the prime factors of 5687417.
23, 247279
What are the prime factors of 15878172?
2, 3, 211, 6271
List the prime factors of 79663.
29, 41, 67
What are the prime factors of 14434757?
563, 25639
What are the prime factors of 1169267?
11, 106297
List the prime factors of 2914189.
2914189
List the prime factors of 110082.
2, 3, 7, 2621
List the prime 